{"id":331,"date":"2023-06-08T17:15:25","date_gmt":"2023-06-08T17:15:25","guid":{"rendered":"https:\/\/epackage.ro\/?page_id=331"},"modified":"2023-06-13T11:51:54","modified_gmt":"2023-06-13T11:51:54","slug":"contact","status":"publish","type":"page","link":"https:\/\/epackage.ro\/?page_id=331","title":{"rendered":"Contact"},"content":{"rendered":"\t\t<div data-elementor-type=\"wp-page\" data-elementor-id=\"331\" class=\"elementor elementor-331\">\n\t\t\t\t\t\t<section class=\"elementor-section elementor-top-section elementor-element elementor-element-d6ddb17 elementor-section-full_width elementor-section-stretched elementor-section-height-default elementor-section-height-default\" data-id=\"d6ddb17\" data-element_type=\"section\" data-settings=\"{&quot;stretch_section&quot;:&quot;section-stretched&quot;}\">\n\t\t\t\t\t\t<div class=\"elementor-container elementor-column-gap-default\">\n\t\t\t\t\t<div class=\"elementor-column elementor-col-100 elementor-top-column elementor-element elementor-element-e15339d\" data-id=\"e15339d\" data-element_type=\"column\">\n\t\t\t<div class=\"elementor-widget-wrap elementor-element-populated\">\n\t\t\t\t\t\t<div class=\"elementor-element elementor-element-a7629ef elementor-widget elementor-widget-text-editor\" data-id=\"a7629ef\" data-element_type=\"widget\" data-widget_type=\"text-editor.default\">\n\t\t\t\t<div class=\"elementor-widget-container\">\n\t\t\t\t\t\t\t\t\t<p style=\"text-align: center;\"><span style=\"color: #000000;\">SC EPACKAGE SRL<\/span><\/p><p style=\"text-align: center;\"><span style=\"color: #000000;\">Telefon: 0729 634 557<\/span><\/p><p style=\"text-align: center;\"><span style=\"color: #000000;\">Email: contact@epackage.ro<\/span><\/p><p style=\"text-align: center;\"><span style=\"color: #000000;\">contact.epackage@gmail.com<\/span><\/p>\t\t\t\t\t\t\t\t<\/div>\n\t\t\t\t<\/div>\n\t\t\t\t<div class=\"elementor-element elementor-element-4d4c570 elementor-widget elementor-widget-google_maps\" data-id=\"4d4c570\" data-element_type=\"widget\" data-widget_type=\"google_maps.default\">\n\t\t\t\t<div class=\"elementor-widget-container\">\n\t\t\t\t\t\t\t<div class=\"elementor-custom-embed\">\n\t\t\t<iframe loading=\"lazy\"\n\t\t\t\t\tsrc=\"https:\/\/maps.google.com\/maps?q=Oradea%20Romania%20Strada%20Atelierelor%20nr.%2010&#038;t=m&#038;z=16&#038;output=embed&#038;iwloc=near\"\n\t\t\t\t\ttitle=\"Oradea Romania Strada Atelierelor nr. 10\"\n\t\t\t\t\taria-label=\"Oradea Romania Strada Atelierelor nr. 10\"\n\t\t\t><\/iframe>\n\t\t<\/div>\n\t\t\t\t\t\t<\/div>\n\t\t\t\t<\/div>\n\t\t\t\t\t<\/div>\n\t\t<\/div>\n\t\t\t\t\t<\/div>\n\t\t<\/section>\n\t\t\t\t<\/div>\n\t\t","protected":false},"excerpt":{"rendered":"<p>SC EPACKAGE SRL Telefon: 0729 634 557 Email: contact@epackage.ro contact.epackage@gmail.com<\/p>\n","protected":false},"author":1,"featured_media":0,"parent":0,"menu_order":0,"comment_status":"closed","ping_status":"closed","template":"elementor_header_footer","meta":{"footnotes":""},"class_list":["post-331","page","type-page","status-publish","hentry","entry"],"jetpack-related-posts":[{"id":13,"url":"https:\/\/epackage.ro\/?page_id=13","url_meta":{"origin":331,"position":0},"title":"Termeni si conditii","author":"epmin","date":"20 iunie 2023","format":false,"excerpt":"Termeni si conditii Livrare: V\u00e2nz\u0103torul se oblig\u0103 s\u0103 livreze bunurile comandate c\u0103tre cump\u0103rator. V\u00e2nz\u0103torul va asigura ambalarea corespunzatoare a bunurilor \u0219i va asigura transmiterea documentelor \u00eenso\u021bitoare. V\u00e2nzatorul va efectua livrarea bunurilor \u0219i serviciilor numai pe teritoriul Rom\u00e2niei. Termenul de livrare este intre 24 si 72 de ore lucratoare dupa finalizarea\u2026","rel":"","context":"Articol similar","block_context":{"text":"Articol similar","link":""},"img":{"alt_text":"","src":"","width":0,"height":0},"classes":[]},{"id":10,"url":"https:\/\/epackage.ro\/?page_id=10","url_meta":{"origin":331,"position":1},"title":"Co\u0219","author":"epmin","date":"1 iunie 2023","format":false,"excerpt":"Co\u0219 de cump\u0103r\u0103turi Product Price Quantity Total Set 25 buc. cutii cu autoformare 380x220x80 mm 75,00\u00a0lei Cantitate Set 25 buc. cutii cu autoformare 380x220x80 mm 75,00\u00a0lei Coupon: Apply Coupon Continue Shopping Update Cart Subtotal 75,00\u00a0lei Livrare Urgent Cargus: 21,00\u00a0lei Livrare la Bihor. Modific\u0103 adresa \u021aar\u0103\/regiune: Selecteaz\u0103 o \u021bar\u0103\/regiune... Rom\u00e2nia Jude\u021b\/provincie\/stat:\u2026","rel":"","context":"Articol similar","block_context":{"text":"Articol similar","link":""},"img":{"alt_text":"","src":"https:\/\/i0.wp.com\/epackage.ro\/wp-content\/uploads\/2023\/06\/autoformanta_260x150x60-450x450.jpg?resize=350%2C200","width":350,"height":200},"classes":[]}],"jetpack_sharing_enabled":true,"_links":{"self":[{"href":"https:\/\/epackage.ro\/index.php?rest_route=\/wp\/v2\/pages\/331","targetHints":{"allow":["GET"]}}],"collection":[{"href":"https:\/\/epackage.ro\/index.php?rest_route=\/wp\/v2\/pages"}],"about":[{"href":"https:\/\/epackage.ro\/index.php?rest_route=\/wp\/v2\/types\/page"}],"author":[{"embeddable":true,"href":"https:\/\/epackage.ro\/index.php?rest_route=\/wp\/v2\/users\/1"}],"replies":[{"embeddable":true,"href":"https:\/\/epackage.ro\/index.php?rest_route=%2Fwp%2Fv2%2Fcomments&post=331"}],"version-history":[{"count":19,"href":"https:\/\/epackage.ro\/index.php?rest_route=\/wp\/v2\/pages\/331\/revisions"}],"predecessor-version":[{"id":565,"href":"https:\/\/epackage.ro\/index.php?rest_route=\/wp\/v2\/pages\/331\/revisions\/565"}],"wp:attachment":[{"href":"https:\/\/epackage.ro\/index.php?rest_route=%2Fwp%2Fv2%2Fmedia&parent=331"}],"curies":[{"name":"wp","href":"https:\/\/api.w.org\/{rel}","templated":true}]}}